{"id":8327,"date":"2024-07-16T18:46:01","date_gmt":"2024-07-16T16:46:01","guid":{"rendered":"https:\/\/lastenvelomannheim.de\/?post_type=cb_item&#038;p=8327"},"modified":"2025-01-07T21:25:52","modified_gmt":"2025-01-07T20:25:52","slug":"miriam","status":"publish","type":"cb_item","link":"https:\/\/lastenvelomannheim.de\/?cb_item=miriam","title":{"rendered":"#Miriam"},"content":{"rendered":"\n<p>Miriam hat einen tiefen Einstieg. Menschen ab 1.60m Gr\u00f6\u00dfe k\u00f6nnen immer beide F\u00fc\u00dfe auf den Boden stellen. Es hat einen tiefen Schwerpunkt f\u00fcr viel Laufruhe, selbst bei schwerer Ladung.<\/p>\n\n\n\n<p>Sie hat einen Klappkorb mit Kindersitz und Gurten (ca. 1,5 \u2013 6 Jahre). Sie hat einen Motor und eine elektrische 5 Gang Schaltung.<\/p>\n\n\n\n<p><\/p>\n\n\n\n<details class=\"wp-block-details is-layout-flow wp-block-details-is-layout-flow\"><summary>Warum dieses LaMa &#8220;Miriam&#8221; hei\u00dft<\/summary>\n<p>Ihren Namen hat Miriam von Miriam Welte. Das ist eine ehemalige deutsche Bahnradsportlerin. Sie ist Olympiasiegerin, wurde sechs Mal Weltmeisterin, vier Mal Europameisterin und errang 21 deutsche Meistertitel.<\/p>\n<\/details>\n","protected":false},"excerpt":{"rendered":"<p>Miriam hat zwei R\u00e4der und einen Klappkorb f\u00fcr den Kindertransport (ca. 1,5 \u2013 6 Jahre). Sie hat einen Motor und eine 5 Gang Schaltung.<\/p>\n","protected":false},"author":151,"featured_media":5419,"template":"","meta":{"footnotes":""},"cb_items_category":[33,10,41,31,40],"class_list":["post-8327","cb_item","type-cb_item","status-publish","has-post-thumbnail","hentry","cb_items_category-2-raeder","cb_items_category-alle","cb_items_category-kindertransport","cb_items_category-elektrischer-antrieb","cb_items_category-regenverdeck"],"_links":{"self":[{"href":"https:\/\/lastenvelomannheim.de\/index.php?rest_route=\/wp\/v2\/cb_item\/8327","targetHints":{"allow":["GET"]}}],"collection":[{"href":"https:\/\/lastenvelomannheim.de\/index.php?rest_route=\/wp\/v2\/cb_item"}],"about":[{"href":"https:\/\/lastenvelomannheim.de\/index.php?rest_route=\/wp\/v2\/types\/cb_item"}],"author":[{"embeddable":true,"href":"https:\/\/lastenvelomannheim.de\/index.php?rest_route=\/wp\/v2\/users\/151"}],"version-history":[{"count":1,"href":"https:\/\/lastenvelomannheim.de\/index.php?rest_route=\/wp\/v2\/cb_item\/8327\/revisions"}],"predecessor-version":[{"id":8329,"href":"https:\/\/lastenvelomannheim.de\/index.php?rest_route=\/wp\/v2\/cb_item\/8327\/revisions\/8329"}],"wp:featuredmedia":[{"embeddable":true,"href":"https:\/\/lastenvelomannheim.de\/index.php?rest_route=\/wp\/v2\/media\/5419"}],"wp:attachment":[{"href":"https:\/\/lastenvelomannheim.de\/index.php?rest_route=%2Fwp%2Fv2%2Fmedia&parent=8327"}],"wp:term":[{"taxonomy":"cb_items_category","embeddable":true,"href":"https:\/\/lastenvelomannheim.de\/index.php?rest_route=%2Fwp%2Fv2%2Fcb_items_category&post=8327"}],"curies":[{"name":"wp","href":"https:\/\/api.w.org\/{rel}","templated":true}]}}

<p>Miriam hat einen tiefen Einstieg. Menschen ab 1.60m Größe können immer beide Füße auf den Boden stellen. Es hat einen tiefen Schwerpunkt für viel Laufruhe, selbst bei schwerer Ladung.</p>



<p>Sie hat einen Klappkorb mit Kindersitz und Gurten (ca. 1,5 – 6 Jahre). Sie hat einen Motor und eine elektrische 5 Gang Schaltung.</p>



<p></p>



<details class="wp-block-details is-layout-flow wp-block-details-is-layout-flow"><summary>Warum dieses LaMa &#8220;Miriam&#8221; heißt</summary>
<p>Ihren Namen hat Miriam von Miriam Welte. Das ist eine ehemalige deutsche Bahnradsportlerin. Sie ist Olympiasiegerin, wurde sechs Mal Weltmeisterin, vier Mal Europameisterin und errang 21 deutsche Meistertitel.</p>
</details>

<p>Miriam hat zwei Räder und einen Klappkorb für den Kindertransport (ca. 1,5 – 6 Jahre). Sie hat einen Motor und eine 5 Gang Schaltung.</p>
