{"id":7265,"date":"2024-06-03T09:30:50","date_gmt":"2024-06-03T07:30:50","guid":{"rendered":"https:\/\/lastenvelomannheim.de\/?post_type=cb_item&#038;p=7265"},"modified":"2025-07-28T10:30:37","modified_gmt":"2025-07-28T08:30:37","slug":"erika","status":"publish","type":"cb_item","link":"https:\/\/lastenvelomannheim.de\/?cb_item=erika","title":{"rendered":"#ERika"},"content":{"rendered":"\n<p>ERika ist eine E-Rikscha f\u00fcr 2 Personen. Diese k\u00f6nnen auf dem bequemen Sitz vorne sicher kutschiert werden. Der Motor der Rikscha beschert allen Menschen, insbesondere mobil eingeschr\u00e4nkten Menschen, freudige Ausfahrten.<\/p>\n\n\n\n<p>Bitte bringt den Akku m\u00f6glichst geladen zur\u00fcck, im Container k\u00f6nnen wir ihn nur laden, wenn gen\u00fcgend Sonneschein unsere Solarbatterie aufgeladen hat.<\/p>\n\n\n\n<details class=\"wp-block-details is-layout-flow wp-block-details-is-layout-flow\"><summary>Warum dieses LaMa \u201eERika\u201c hei\u00dft<\/summary>\n<p>Wir haben f\u00fcr ERika auch eine Radrennfahrerin als Namenspatin<br>gefunden. So ist ERika benannt nach der Rennradfahrerin Erika Jesenko<br>die 1996 in Slovenien geboren wurde.<\/p>\n<\/details>\n\n\n\n<h3 class=\"wp-block-heading\">Eine Einweisung ist erforderlich!<\/h3>\n\n\n\n<p>Bevor du das Rad ausleihen kannst ist eine ca. eine Stunde dauernde  Einweisung in die Bedienung des Rades erforderlich. Nach dieser &#8220;Fahrschule&#8221; erh\u00e4ltst Du von uns einen F\u00fchrerschein, der berechtigt, das Rad frei zu mieten. Frage einfach per E-mail nach einem Einweisungstermin:<\/p>\n\n\n\n<p class=\"has-text-align-left\"><mark style=\"background-color:rgba(0, 0, 0, 0)\" class=\"has-inline-color has-vivid-cyan-blue-color\"><strong> <\/strong><\/mark><a href=\"mailto:LaMa.erika@lastenvelomannheim.de\">lama.erika@lastenvelomannheim.de<\/a><\/p>\n\n\n\n<h3 class=\"wp-block-heading\">Werde PilotIn und verschenke Freude mit Fahrten mit ERika <\/h3>\n\n\n\n<p>Stellt euch vor, wie es sich anf\u00fchlt, wenn eine \u00e4ltere Dame ein Tr\u00e4nchen verdr\u00fcckt, weil sie endlich wieder die B\u00e4ume sehen kann, die sie so lange vermisst hat. Oder wie jemand aus dem Rollstuhltransportrad heraus sein altes Wohnviertel wiederentdeckt und Geschichten von fr\u00fcher erz\u00e4hlt. Diese Momente sind unbezahlbar und ihr k\u00f6nnt Teil davon sein! Werde ERika PilotIn:<\/p>\n\n\n\n<p><a href=\"https:\/\/lastenvelomannheim.de\/?p=8238\"><strong><mark style=\"background-color:rgba(0, 0, 0, 0)\" class=\"has-inline-color has-vivid-cyan-blue-color\">So laufen die Fahrten ab<\/mark><\/strong><\/a><\/p>\n","protected":false},"excerpt":{"rendered":"<p>Unsere E-Rikscha f\u00fcr 2 Personen. Der Motor beschert allen Menschen, insbesondere mobil eingeschr\u00e4nkten Menschen, freudige Ausfahrten. F\u00fcr ERika ist eine Einweisung n\u00f6tig, ansonsten ist sie nicht buchbar. Wenn ihr eingeloggt seid und die Einweisung hattet, k\u00f6nnt ihr buchen.<\/p>\n","protected":false},"author":2079,"featured_media":7484,"template":"","meta":{"footnotes":""},"cb_items_category":[34,10,41,31,40],"class_list":["post-7265","cb_item","type-cb_item","status-publish","has-post-thumbnail","hentry","cb_items_category-dreiraedrige-lastenraeder","cb_items_category-alle","cb_items_category-kindertransport","cb_items_category-elektrischer-antrieb","cb_items_category-regenverdeck"],"_links":{"self":[{"href":"https:\/\/lastenvelomannheim.de\/index.php?rest_route=\/wp\/v2\/cb_item\/7265","targetHints":{"allow":["GET"]}}],"collection":[{"href":"https:\/\/lastenvelomannheim.de\/index.php?rest_route=\/wp\/v2\/cb_item"}],"about":[{"href":"https:\/\/lastenvelomannheim.de\/index.php?rest_route=\/wp\/v2\/types\/cb_item"}],"author":[{"embeddable":true,"href":"https:\/\/lastenvelomannheim.de\/index.php?rest_route=\/wp\/v2\/users\/2079"}],"version-history":[{"count":23,"href":"https:\/\/lastenvelomannheim.de\/index.php?rest_route=\/wp\/v2\/cb_item\/7265\/revisions"}],"predecessor-version":[{"id":12449,"href":"https:\/\/lastenvelomannheim.de\/index.php?rest_route=\/wp\/v2\/cb_item\/7265\/revisions\/12449"}],"wp:featuredmedia":[{"embeddable":true,"href":"https:\/\/lastenvelomannheim.de\/index.php?rest_route=\/wp\/v2\/media\/7484"}],"wp:attachment":[{"href":"https:\/\/lastenvelomannheim.de\/index.php?rest_route=%2Fwp%2Fv2%2Fmedia&parent=7265"}],"wp:term":[{"taxonomy":"cb_items_category","embeddable":true,"href":"https:\/\/lastenvelomannheim.de\/index.php?rest_route=%2Fwp%2Fv2%2Fcb_items_category&post=7265"}],"curies":[{"name":"wp","href":"https:\/\/api.w.org\/{rel}","templated":true}]}}

<p>ERika ist eine E-Rikscha für 2 Personen. Diese können auf dem bequemen Sitz vorne sicher kutschiert werden. Der Motor der Rikscha beschert allen Menschen, insbesondere mobil eingeschränkten Menschen, freudige Ausfahrten.</p>



<p>Bitte bringt den Akku möglichst geladen zurück, im Container können wir ihn nur laden, wenn genügend Sonneschein unsere Solarbatterie aufgeladen hat.</p>



<details class="wp-block-details is-layout-flow wp-block-details-is-layout-flow"><summary>Warum dieses LaMa „ERika“ heißt</summary>
<p>Wir haben für ERika auch eine Radrennfahrerin als Namenspatin<br>gefunden. So ist ERika benannt nach der Rennradfahrerin Erika Jesenko<br>die 1996 in Slovenien geboren wurde.</p>
</details>



<h3 class="wp-block-heading">Eine Einweisung ist erforderlich!</h3>



<p>Bevor du das Rad ausleihen kannst ist eine ca. eine Stunde dauernde  Einweisung in die Bedienung des Rades erforderlich. Nach dieser &#8220;Fahrschule&#8221; erhältst Du von uns einen Führerschein, der berechtigt, das Rad frei zu mieten. Frage einfach per E-mail nach einem Einweisungstermin:</p>



<p class="has-text-align-left"><mark style="background-color:rgba(0, 0, 0, 0)" class="has-inline-color has-vivid-cyan-blue-color"><strong> </strong></mark><a href="mailto:LaMa.erika@lastenvelomannheim.de">lama.erika@lastenvelomannheim.de</a></p>



<h3 class="wp-block-heading">Werde PilotIn und verschenke Freude mit Fahrten mit ERika </h3>



<p>Stellt euch vor, wie es sich anfühlt, wenn eine ältere Dame ein Tränchen verdrückt, weil sie endlich wieder die Bäume sehen kann, die sie so lange vermisst hat. Oder wie jemand aus dem Rollstuhltransportrad heraus sein altes Wohnviertel wiederentdeckt und Geschichten von früher erzählt. Diese Momente sind unbezahlbar und ihr könnt Teil davon sein! Werde ERika PilotIn:</p>



<p><a href="https://lastenvelomannheim.de/?p=8238"><strong><mark style="background-color:rgba(0, 0, 0, 0)" class="has-inline-color has-vivid-cyan-blue-color">So laufen die Fahrten ab</mark></strong></a></p>

<p>Unsere E-Rikscha für 2 Personen. Der Motor beschert allen Menschen, insbesondere mobil eingeschränkten Menschen, freudige Ausfahrten. Für ERika ist eine Einweisung nötig, ansonsten ist sie nicht buchbar. Wenn ihr eingeloggt seid und die Einweisung hattet, könnt ihr buchen.</p>
