{"id":5962,"date":"2023-12-05T21:41:25","date_gmt":"2023-12-05T20:41:25","guid":{"rendered":"https:\/\/lastenvelomannheim.de\/?post_type=cb_item&#038;p=5962"},"modified":"2025-09-01T19:06:50","modified_gmt":"2025-09-01T17:06:50","slug":"helene","status":"publish","type":"cb_item","link":"https:\/\/lastenvelomannheim.de\/?cb_item=helene","title":{"rendered":"#Helene"},"content":{"rendered":"\n<p>Helene ist ein zweir\u00e4driges Lastenrad, mit Frontloader von Yuba Typ Supercargo mit elektrischer Unterst\u00fctzung. Sie hat eine Regenplane und eine Sattelst\u00fctze mit super Federung ist montiert. Es k\u00f6nnen zwei Kinder (ca. 1,5 \u2013 6 Jahre) angeschnallt werden.<\/p>\n\n\n\n<p>Das Rad kann <strong>nur im Unterstand geladen <\/strong>werden. Ladeger\u00e4t und Schl\u00fcssel f\u00fcr den Akku werden nicht herausgegeben.<\/p>\n\n\n\n<p>Zuladung max.: 160 kg (inklusive Fahrer*in)<br>Gewicht: 40 kg<br>Ma\u00dfe Rad: 260 x 76 cm<\/p>\n\n\n\n<p><a href=\"https:\/\/lastenvelomannheim.de\/?page_id=141\">So funktioniert die Ausleihe<\/a>, auch auf&nbsp;<a href=\"https:\/\/lastenvelomannheim.de\/?page_id=141#TR\">T\u00fcrk\u00e7e<\/a>,&nbsp;&nbsp;<a href=\"https:\/\/lastenvelomannheim.de\/?page_id=141#PO\">Polski<\/a>,&nbsp;&nbsp;<a href=\"https:\/\/lastenvelomannheim.de\/?page_id=141#IT\">Italiano<\/a>,&nbsp;<a href=\"https:\/\/lastenvelomannheim.de\/?page_id=141#RO\">Rromani<\/a>,&nbsp;&nbsp;<a href=\"https:\/\/lastenvelomannheim.de\/?page_id=141#BG\">\u0411\u044a\u043b\u0433\u0430\u0440\u0441\u043a\u0438<\/a>,&nbsp;&nbsp;<a href=\"https:\/\/lastenvelomannheim.de\/?page_id=141#KR\">Hrvatski<\/a><\/p>\n\n\n\n<details class=\"wp-block-details is-layout-flow wp-block-details-is-layout-flow\"><summary>Warum dieses LaMa &#8220;Helene&#8221; hei\u00dft<\/summary>\n<p>Ihren Namen hat #Helene der in Belgien geborenen H\u00e9l\u00e8ne Dutrieu *1877 zu verdanken. Mit 15 Jahren begann sie sich f\u00fcr den Geschwindigkeitsrennsport zu interessieren. Ihr Ruf begann zu wachsen und Welt begann sie \u201eden menschlichen Pfeil\u201c zu nennen. H\u00e9l\u00e8ne \u00fcberwand die Barrieren des Unm\u00f6glichen und verwandelte ihr Leben in eine st\u00e4ndige Liste gemeisterter Herausforderungen.<\/p>\n<\/details>\n","protected":false},"excerpt":{"rendered":"<p>Helene ist ein zweir\u00e4driges Lastenrad, mit Frontloader von\u00a0Yuba vom Typ Supermarch\u00e9 mit elektrischer Unterst\u00fctzung bis 25km\/h. Es k\u00f6nnen zwei Kinder (ca. 1,5 \u2013 6 Jahre) angeschnallt werden.<\/p>\n","protected":false},"author":151,"featured_media":6219,"template":"","meta":{"footnotes":""},"cb_items_category":[33,10,41,31,40],"class_list":["post-5962","cb_item","type-cb_item","status-publish","has-post-thumbnail","hentry","cb_items_category-2-raeder","cb_items_category-alle","cb_items_category-kindertransport","cb_items_category-elektrischer-antrieb","cb_items_category-regenverdeck"],"_links":{"self":[{"href":"https:\/\/lastenvelomannheim.de\/index.php?rest_route=\/wp\/v2\/cb_item\/5962","targetHints":{"allow":["GET"]}}],"collection":[{"href":"https:\/\/lastenvelomannheim.de\/index.php?rest_route=\/wp\/v2\/cb_item"}],"about":[{"href":"https:\/\/lastenvelomannheim.de\/index.php?rest_route=\/wp\/v2\/types\/cb_item"}],"author":[{"embeddable":true,"href":"https:\/\/lastenvelomannheim.de\/index.php?rest_route=\/wp\/v2\/users\/151"}],"version-history":[{"count":10,"href":"https:\/\/lastenvelomannheim.de\/index.php?rest_route=\/wp\/v2\/cb_item\/5962\/revisions"}],"predecessor-version":[{"id":13592,"href":"https:\/\/lastenvelomannheim.de\/index.php?rest_route=\/wp\/v2\/cb_item\/5962\/revisions\/13592"}],"wp:featuredmedia":[{"embeddable":true,"href":"https:\/\/lastenvelomannheim.de\/index.php?rest_route=\/wp\/v2\/media\/6219"}],"wp:attachment":[{"href":"https:\/\/lastenvelomannheim.de\/index.php?rest_route=%2Fwp%2Fv2%2Fmedia&parent=5962"}],"wp:term":[{"taxonomy":"cb_items_category","embeddable":true,"href":"https:\/\/lastenvelomannheim.de\/index.php?rest_route=%2Fwp%2Fv2%2Fcb_items_category&post=5962"}],"curies":[{"name":"wp","href":"https:\/\/api.w.org\/{rel}","templated":true}]}}

<p>Helene ist ein zweirädriges Lastenrad, mit Frontloader von Yuba Typ Supercargo mit elektrischer Unterstützung. Sie hat eine Regenplane und eine Sattelstütze mit super Federung ist montiert. Es können zwei Kinder (ca. 1,5 – 6 Jahre) angeschnallt werden.</p>



<p>Das Rad kann <strong>nur im Unterstand geladen </strong>werden. Ladegerät und Schlüssel für den Akku werden nicht herausgegeben.</p>



<p>Zuladung max.: 160 kg (inklusive Fahrer*in)<br>Gewicht: 40 kg<br>Maße Rad: 260 x 76 cm</p>



<p><a href="https://lastenvelomannheim.de/?page_id=141">So funktioniert die Ausleihe</a>, auch auf&nbsp;<a href="https://lastenvelomannheim.de/?page_id=141#TR">Türkçe</a>,&nbsp;&nbsp;<a href="https://lastenvelomannheim.de/?page_id=141#PO">Polski</a>,&nbsp;&nbsp;<a href="https://lastenvelomannheim.de/?page_id=141#IT">Italiano</a>,&nbsp;<a href="https://lastenvelomannheim.de/?page_id=141#RO">Rromani</a>,&nbsp;&nbsp;<a href="https://lastenvelomannheim.de/?page_id=141#BG">Български</a>,&nbsp;&nbsp;<a href="https://lastenvelomannheim.de/?page_id=141#KR">Hrvatski</a></p>



<details class="wp-block-details is-layout-flow wp-block-details-is-layout-flow"><summary>Warum dieses LaMa &#8220;Helene&#8221; heißt</summary>
<p>Ihren Namen hat #Helene der in Belgien geborenen Hélène Dutrieu *1877 zu verdanken. Mit 15 Jahren begann sie sich für den Geschwindigkeitsrennsport zu interessieren. Ihr Ruf begann zu wachsen und Welt begann sie „den menschlichen Pfeil“ zu nennen. Hélène überwand die Barrieren des Unmöglichen und verwandelte ihr Leben in eine ständige Liste gemeisterter Herausforderungen.</p>
</details>

<p>Helene ist ein zweirädriges Lastenrad, mit Frontloader von Yuba vom Typ Supermarché mit elektrischer Unterstützung bis 25km/h. Es können zwei Kinder (ca. 1,5 – 6 Jahre) angeschnallt werden.</p>
